CRAN Package Check Results for Package spatial

Last updated on 2025-07-04 07:49:42 CEST.

Flavor Version Tinstall Tcheck Ttotal Status Flags
r-devel-linux-x86_64-debian-clang 7.3-18 4.00 24.12 28.12 NOTE
r-devel-linux-x86_64-debian-gcc 7.3-18 2.94 19.34 22.28 NOTE
r-devel-linux-x86_64-fedora-clang 7.3-18 42.51 OK
r-devel-linux-x86_64-fedora-gcc 7.3-18 41.94 OK
r-devel-windows-x86_64 7.3-18 9.00 49.00 58.00 OK
r-patched-linux-x86_64 7.3-18 3.86 22.52 26.38 OK
r-release-linux-x86_64 7.3-18 3.38 22.74 26.12 OK
r-release-macos-arm64 7.3-18 19.00 OK
r-release-macos-x86_64 7.3-18 31.00 OK
r-release-windows-x86_64 7.3-18 9.00 58.00 67.00 OK
r-oldrel-macos-arm64 7.3-18 24.00 OK
r-oldrel-macos-x86_64 7.3-18 63.00 OK
r-oldrel-windows-x86_64 7.3-18 9.00 54.00 63.00 OK

Check Details

Version: 7.3-18
Check: CRAN incoming feasibility
Result: NOTE Maintainer: ‘Brian Ripley <Brian.Ripley@R-project.org>’ Package CITATION file contains call(s) to old-style personList() or as.personList(). Please use c() on person objects instead. Package CITATION file contains call(s) to old-style citEntry(). Please use bibentry() instead. Flavors: r-devel-linux-x86_64-debian-clang, r-devel-linux-x86_64-debian-gcc