CRAN Package Check Results for Package spatialising

Last updated on 2025-04-28 18:50:22 CEST.

Flavor Version Tinstall Tcheck Ttotal Status Flags
r-devel-linux-x86_64-debian-clang 0.6.0 9.96 403.51 413.47 NOTE
r-devel-linux-x86_64-debian-gcc 0.6.0 7.87 282.74 290.61 NOTE
r-devel-linux-x86_64-fedora-clang 0.6.0 652.82 NOTE
r-devel-linux-x86_64-fedora-gcc 0.6.0 661.57 NOTE
r-devel-windows-x86_64 0.6.0 14.00 472.00 486.00 NOTE
r-patched-linux-x86_64 0.6.0 11.02 404.30 415.32 NOTE
r-release-linux-x86_64 0.6.0 10.28 399.84 410.12 NOTE
r-release-macos-arm64 0.6.0 168.00 NOTE
r-release-macos-x86_64 0.6.0 371.00 NOTE
r-release-windows-x86_64 0.6.0 14.00 462.00 476.00 NOTE
r-oldrel-macos-arm64 0.6.0 138.00 OK
r-oldrel-macos-x86_64 0.6.0 251.00 OK
r-oldrel-windows-x86_64 0.6.0 14.00 625.00 639.00 OK

Check Details

Version: 0.6.0
Check: DESCRIPTION meta-information
Result: NOTE Missing dependency on R >= 4.1.0 because package code uses the pipe |> or function shorthand \(...) syntax added in R 4.1.0. File(s) using such syntax: ‘kinetic_ising_ensemble.R’ Flavors: r-devel-linux-x86_64-debian-clang, r-devel-linux-x86_64-debian-gcc, r-devel-linux-x86_64-fedora-clang, r-devel-linux-x86_64-fedora-gcc, r-devel-windows-x86_64, r-patched-linux-x86_64, r-release-linux-x86_64, r-release-macos-arm64, r-release-macos-x86_64, r-release-windows-x86_64

Version: 0.6.0
Check: examples
Result: NOTE Examples with CPU (user + system) or elapsed time > 5s user system elapsed texture_index 4.287 0.113 6.042 Flavor: r-devel-linux-x86_64-debian-gcc