Last updated on 2025-04-28 18:50:23 CEST.
Flavor | Version | Tinstall | Tcheck | Ttotal | Status | Flags |
---|---|---|---|---|---|---|
r-devel-linux-x86_64-debian-clang | 2.0 | 4.04 | 34.67 | 38.71 | OK | |
r-devel-linux-x86_64-debian-gcc | 2.0 | 2.51 | 27.39 | 29.90 | NOTE | |
r-devel-linux-x86_64-fedora-clang | 2.0 | 61.19 | OK | |||
r-devel-linux-x86_64-fedora-gcc | 2.0 | 57.96 | OK | |||
r-devel-windows-x86_64 | 2.0 | 5.00 | 64.00 | 69.00 | OK | |
r-patched-linux-x86_64 | 2.0 | 4.39 | 34.33 | 38.72 | OK | |
r-release-linux-x86_64 | 2.0 | 3.67 | 34.02 | 37.69 | OK | |
r-release-macos-arm64 | 2.0 | 22.00 | OK | |||
r-release-macos-x86_64 | 2.0 | 37.00 | OK | |||
r-release-windows-x86_64 | 2.0 | 5.00 | 64.00 | 69.00 | OK | |
r-oldrel-macos-arm64 | 2.0 | 21.00 | OK | |||
r-oldrel-macos-x86_64 | 2.0 | 28.00 | OK | |||
r-oldrel-windows-x86_64 | 2.0 | 7.00 | 66.00 | 73.00 | OK |
Version: 2.0
Check: CRAN incoming feasibility
Result: NOTE
Maintainer: ‘Martin Seilmayer <martin.seilmayer@gmail.com>’
No Authors@R field in DESCRIPTION.
Please add one, modifying
Authors@R: person(given = "Martin",
family = "Seilmayer",
role = c("aut", "cre"),
email = "martin.seilmayer@gmail.com")
as necessary.
Flavor: r-devel-linux-x86_64-debian-gcc