Last updated on 2025-04-28 18:50:23 CEST.
Flavor | Version | Tinstall | Tcheck | Ttotal | Status | Flags |
---|---|---|---|---|---|---|
r-devel-linux-x86_64-debian-clang | 1.5-9 | 3.33 | 44.41 | 47.74 | OK | |
r-devel-linux-x86_64-debian-gcc | 1.5-9 | 1.85 | 31.87 | 33.72 | NOTE | |
r-devel-linux-x86_64-fedora-clang | 1.5-9 | 73.37 | OK | |||
r-devel-linux-x86_64-fedora-gcc | 1.5-9 | 72.25 | OK | |||
r-devel-windows-x86_64 | 1.5-9 | 5.00 | 67.00 | 72.00 | OK | |
r-patched-linux-x86_64 | 1.5-9 | 3.10 | 43.29 | 46.39 | OK | |
r-release-linux-x86_64 | 1.5-9 | 3.11 | 43.16 | 46.27 | OK | |
r-release-macos-arm64 | 1.5-9 | 30.00 | OK | |||
r-release-macos-x86_64 | 1.5-9 | 56.00 | OK | |||
r-release-windows-x86_64 | 1.5-9 | 4.00 | 64.00 | 68.00 | OK | |
r-oldrel-macos-arm64 | 1.5-9 | 27.00 | OK | |||
r-oldrel-macos-x86_64 | 1.5-9 | 40.00 | OK | |||
r-oldrel-windows-x86_64 | 1.5-9 | 5.00 | 76.00 | 81.00 | OK |
Version: 1.5-9
Check: CRAN incoming feasibility
Result: NOTE
Maintainer: ‘Maximilian Lange <maximilian-lange@t-online.de>’
No Authors@R field in DESCRIPTION.
Please add one, modifying
Authors@R: c(person(given = "Maximilian",
family = "Lange",
role = c("aut", "cre"),
email = "maximilian-lange@t-online.de"),
person(given = "Sven",
family = "Lautenbach",
role = "aut"),
person(given = "Claudia",
family = "Raedig",
role = "aut"))
as necessary.
Flavor: r-devel-linux-x86_64-debian-gcc