Last updated on 2025-04-28 18:50:23 CEST.
Flavor | Version | Tinstall | Tcheck | Ttotal | Status | Flags |
---|---|---|---|---|---|---|
r-devel-linux-x86_64-debian-clang | 1.1 | 2.27 | 23.00 | 25.27 | OK | |
r-devel-linux-x86_64-debian-gcc | 1.1 | 1.60 | 19.00 | 20.60 | NOTE | |
r-devel-linux-x86_64-fedora-clang | 1.1 | 42.41 | OK | |||
r-devel-linux-x86_64-fedora-gcc | 1.1 | 38.06 | OK | |||
r-devel-windows-x86_64 | 1.1 | 3.00 | 51.00 | 54.00 | OK | |
r-patched-linux-x86_64 | 1.1 | 2.58 | 22.60 | 25.18 | OK | |
r-release-linux-x86_64 | 1.1 | 2.18 | 22.64 | 24.82 | OK | |
r-release-macos-arm64 | 1.1 | 18.00 | OK | |||
r-release-macos-x86_64 | 1.1 | 28.00 | OK | |||
r-release-windows-x86_64 | 1.1 | 3.00 | 56.00 | 59.00 | OK | |
r-oldrel-macos-arm64 | 1.1 | 21.00 | OK | |||
r-oldrel-macos-x86_64 | 1.1 | 30.00 | OK | |||
r-oldrel-windows-x86_64 | 1.1 | 3.00 | 49.00 | 52.00 | OK |
Version: 1.1
Check: CRAN incoming feasibility
Result: NOTE
Maintainer: ‘Michael P. Fay <mfay@niaid.nih.gov>’
No Authors@R field in DESCRIPTION.
Please add one, modifying
Authors@R: person(given = c("Michael", "P."),
family = "Fay",
role = c("aut", "cre"),
email = "mfay@niaid.nih.gov")
as necessary.
Package CITATION file contains call(s) to old-style personList() or
as.personList(). Please use c() on person objects instead.
Package CITATION file contains call(s) to old-style citEntry(). Please
use bibentry() instead.
Flavor: r-devel-linux-x86_64-debian-gcc