Last updated on 2025-04-28 18:50:23 CEST.
Flavor | Version | Tinstall | Tcheck | Ttotal | Status | Flags |
---|---|---|---|---|---|---|
r-devel-linux-x86_64-debian-clang | 1.5.8 | 13.88 | 82.97 | 96.85 | OK | |
r-devel-linux-x86_64-debian-gcc | 1.5.8 | 9.47 | 59.37 | 68.84 | NOTE | |
r-devel-linux-x86_64-fedora-clang | 1.5.8 | 156.98 | OK | |||
r-devel-linux-x86_64-fedora-gcc | 1.5.8 | 148.84 | OK | |||
r-devel-windows-x86_64 | 1.5.8 | 14.00 | 95.00 | 109.00 | OK | |
r-patched-linux-x86_64 | 1.5.8 | 14.32 | 80.20 | 94.52 | OK | |
r-release-linux-x86_64 | 1.5.8 | 15.66 | 78.20 | 93.86 | OK | |
r-release-macos-arm64 | 1.5.8 | 44.00 | OK | |||
r-release-macos-x86_64 | 1.5.8 | 100.00 | OK | |||
r-release-windows-x86_64 | 1.5.8 | 14.00 | 93.00 | 107.00 | OK | |
r-oldrel-macos-arm64 | 1.5.8 | 41.00 | OK | |||
r-oldrel-macos-x86_64 | 1.5.8 | 85.00 | OK | |||
r-oldrel-windows-x86_64 | 1.5.8 | 20.00 | 114.00 | 134.00 | OK |
Version: 1.5.8
Check: CRAN incoming feasibility
Result: NOTE
Maintainer: ‘Luis Hernando Vanegas <hvanegasp@gmail.com>’
No Authors@R field in DESCRIPTION.
Please add one, modifying
Authors@R: c(person(given = c("Luis", "Hernando"),
family = "Vanegas",
role = c("aut", "cre"),
email = "hvanegasp@gmail.com"),
person(given = c("Gilberto", "A."),
family = "Paula",
role = "aut"))
as necessary.
Flavor: r-devel-linux-x86_64-debian-gcc