Last updated on 2025-04-28 18:50:23 CEST.
Flavor | Version | Tinstall | Tcheck | Ttotal | Status | Flags |
---|---|---|---|---|---|---|
r-devel-linux-x86_64-debian-clang | 1.2.2 | 7.59 | 136.97 | 144.56 | OK | |
r-devel-linux-x86_64-debian-gcc | 1.2.2 | 5.23 | 97.10 | 102.33 | NOTE | |
r-devel-linux-x86_64-fedora-clang | 1.2.2 | 239.60 | OK | |||
r-devel-linux-x86_64-fedora-gcc | 1.2.2 | 231.16 | OK | |||
r-devel-windows-x86_64 | 1.2.2 | 8.00 | 165.00 | 173.00 | OK | |
r-patched-linux-x86_64 | 1.2.2 | 8.67 | 130.52 | 139.19 | OK | |
r-release-linux-x86_64 | 1.2.2 | 7.69 | 131.50 | 139.19 | OK | |
r-release-macos-arm64 | 1.2.2 | 114.00 | OK | |||
r-release-macos-x86_64 | 1.2.2 | 148.00 | OK | |||
r-release-windows-x86_64 | 1.2.2 | 8.00 | 158.00 | 166.00 | OK | |
r-oldrel-macos-arm64 | 1.2.2 | 59.00 | OK | |||
r-oldrel-macos-x86_64 | 1.2.2 | 100.00 | OK | |||
r-oldrel-windows-x86_64 | 1.2.2 | 10.00 | 187.00 | 197.00 | OK |
Version: 1.2.2
Check: examples
Result: NOTE
Examples with CPU (user + system) or elapsed time > 5s
user system elapsed
stabilityIntersectionMBM 4.08 0.078 5.998
Flavor: r-devel-linux-x86_64-debian-gcc