Last updated on 2025-04-28 18:50:23 CEST.
Flavor | Version | Tinstall | Tcheck | Ttotal | Status | Flags |
---|---|---|---|---|---|---|
r-devel-linux-x86_64-debian-clang | 0.6-4 | 2.17 | 68.06 | 70.23 | NOTE | |
r-devel-linux-x86_64-debian-gcc | 0.6-4 | 1.80 | 70.53 | 72.33 | NOTE | |
r-devel-linux-x86_64-fedora-clang | 0.6-4 | 106.40 | NOTE | |||
r-devel-linux-x86_64-fedora-gcc | 0.6-4 | 113.12 | NOTE | |||
r-devel-windows-x86_64 | 0.6-4 | 3.00 | 60.00 | 63.00 | NOTE | |
r-patched-linux-x86_64 | 0.6-4 | 2.99 | 62.73 | 65.72 | NOTE | |
r-release-linux-x86_64 | 0.6-4 | 2.29 | 62.22 | 64.51 | NOTE | |
r-release-macos-arm64 | 0.6-4 | 38.00 | NOTE | |||
r-release-macos-x86_64 | 0.6-4 | 96.00 | NOTE | |||
r-release-windows-x86_64 | 0.6-4 | 3.00 | 61.00 | 64.00 | NOTE | |
r-oldrel-macos-arm64 | 0.6-4 | 37.00 | NOTE | |||
r-oldrel-macos-x86_64 | 0.6-4 | 48.00 | NOTE | |||
r-oldrel-windows-x86_64 | 0.6-4 | 3.00 | 70.00 | 73.00 | NOTE |
Version: 0.6-4
Check: Rd files
Result: NOTE
checkRd: (-1) stabsel_parameters.Rd:42: Lost braces
42 | always use code{"none"}.}
| ^
checkRd: (-1) stabsel_stabsel.Rd:25: Lost braces
25 | always use code{"none"}.}
| ^
Flavors: r-devel-linux-x86_64-debian-clang, r-devel-linux-x86_64-debian-gcc, r-devel-linux-x86_64-fedora-clang, r-devel-linux-x86_64-fedora-gcc, r-devel-windows-x86_64, r-patched-linux-x86_64, r-release-linux-x86_64, r-release-macos-arm64, r-release-macos-x86_64, r-release-windows-x86_64, r-oldrel-macos-arm64, r-oldrel-macos-x86_64, r-oldrel-windows-x86_64
Version: 0.6-4
Check: CRAN incoming feasibility
Result: NOTE
Maintainer: ‘Benjamin Hofner <benjamin.hofner@pei.de>’
Package CITATION file contains call(s) to old-style personList() or
as.personList(). Please use c() on person objects instead.
Package CITATION file contains call(s) to old-style citEntry(). Please
use bibentry() instead.
Flavor: r-devel-linux-x86_64-debian-gcc
Version: 0.6-4
Check: examples
Result: NOTE
Examples with CPU (user + system) or elapsed time > 5s
user system elapsed
stabsel 2.175 12.683 10.162
fitfuns 2.014 3.062 4.496
stabsel_stabsel 0.433 4.623 2.880
Flavor: r-devel-linux-x86_64-debian-gcc
Version: 0.6-4
Check: LazyData
Result: NOTE
'LazyData' is specified without a 'data' directory
Flavors: r-oldrel-macos-arm64, r-oldrel-macos-x86_64, r-oldrel-windows-x86_64