Last updated on 2025-04-28 18:50:23 CEST.
Flavor | Version | Tinstall | Tcheck | Ttotal | Status | Flags |
---|---|---|---|---|---|---|
r-devel-linux-x86_64-debian-clang | 1.3.4 | 45.76 | 366.98 | 412.74 | OK | |
r-devel-linux-x86_64-debian-gcc | 1.3.4 | 32.25 | 248.43 | 280.68 | NOTE | |
r-devel-linux-x86_64-fedora-clang | 1.3.4 | 681.13 | OK | |||
r-devel-linux-x86_64-fedora-gcc | 1.3.4 | 624.97 | OK | |||
r-devel-windows-x86_64 | 1.3.4 | 42.00 | 364.00 | 406.00 | OK | |
r-patched-linux-x86_64 | 1.3.4 | 41.85 | 353.82 | 395.67 | OK | |
r-release-linux-x86_64 | 1.3.4 | 42.62 | 349.75 | 392.37 | OK | |
r-release-macos-arm64 | 1.3.4 | 160.00 | OK | |||
r-release-macos-x86_64 | 1.3.4 | 356.00 | OK | |||
r-release-windows-x86_64 | 1.3.4 | 39.00 | 281.00 | 320.00 | OK | |
r-oldrel-macos-arm64 | 1.3.4 | 154.00 | OK | |||
r-oldrel-macos-x86_64 | 1.3.4 | 451.00 | OK | |||
r-oldrel-windows-x86_64 | 1.3.4 | 59.00 | 405.00 | 464.00 | OK |
Version: 1.3.4
Check: CRAN incoming feasibility
Result: NOTE
Maintainer: ‘Monsuru Adepeju <monsuur2010@yahoo.com>’
No Authors@R field in DESCRIPTION.
Please add one, modifying
Authors@R: person(given = "Monsuru",
family = "Adepeju",
role = c("cre", "aut"),
email = "monsuur2010@yahoo.com")
as necessary.
The BugReports field in DESCRIPTION has
https://github.com/Manalytics/stppSim/issues/new/choose
which should likely be
https://github.com/Manalytics/stppSim/issues/new/choose/issues
instead.
Flavor: r-devel-linux-x86_64-debian-gcc