Last updated on 2025-04-28 18:50:23 CEST.
Flavor | Version | Tinstall | Tcheck | Ttotal | Status | Flags |
---|---|---|---|---|---|---|
r-devel-linux-x86_64-debian-clang | 0.1.1 | 4.63 | 39.55 | 44.18 | OK | |
r-devel-linux-x86_64-debian-gcc | 0.1.1 | 3.86 | 34.60 | 38.46 | NOTE | |
r-devel-linux-x86_64-fedora-clang | 0.1.1 | 70.82 | NOTE | |||
r-devel-linux-x86_64-fedora-gcc | 0.1.1 | 65.30 | NOTE | |||
r-devel-windows-x86_64 | 0.1.1 | 7.00 | 63.00 | 70.00 | OK | |
r-patched-linux-x86_64 | 0.1.1 | 5.89 | 42.81 | 48.70 | OK | |
r-release-linux-x86_64 | 0.1.1 | 5.24 | 42.89 | 48.13 | OK | |
r-release-macos-arm64 | 0.1.1 | 23.00 | OK | |||
r-release-macos-x86_64 | 0.1.1 | 41.00 | OK | |||
r-release-windows-x86_64 | 0.1.1 | 7.00 | 62.00 | 69.00 | OK | |
r-oldrel-macos-arm64 | 0.1.1 | 24.00 | OK | |||
r-oldrel-macos-x86_64 | 0.1.1 | 40.00 | OK | |||
r-oldrel-windows-x86_64 | 0.1.1 | 9.00 | 74.00 | 83.00 | OK |
Version: 0.1.1
Check: CRAN incoming feasibility
Result: NOTE
Maintainer: ‘Priyanga Dilini Talagala <pritalagala@gmail.com>’
The Description field contains
<arXiv:1908.04000> for detecting anomalies in high-dimensional data
Please refer to arXiv e-prints via their arXiv DOI <doi:10.48550/arXiv.YYMM.NNNNN>.
Flavor: r-devel-linux-x86_64-debian-gcc
Version: 0.1.1
Check: dependencies in R code
Result: NOTE
Namespace in Imports field not imported from: ‘ks’
All declared Imports should be used.
Flavors: r-devel-linux-x86_64-fedora-clang, r-devel-linux-x86_64-fedora-gcc