Last updated on 2025-04-29 06:49:57 CEST.
Flavor | Version | Tinstall | Tcheck | Ttotal | Status | Flags |
---|---|---|---|---|---|---|
r-devel-linux-x86_64-debian-clang | 1.1.1 | 2.14 | 22.03 | 24.17 | OK | |
r-devel-linux-x86_64-debian-gcc | 1.1.1 | 1.70 | 17.94 | 19.64 | NOTE | |
r-devel-linux-x86_64-fedora-clang | 1.1.1 | 40.04 | OK | |||
r-devel-linux-x86_64-fedora-gcc | 1.1.1 | 37.28 | OK | |||
r-devel-windows-x86_64 | 1.1.1 | 4.00 | 46.00 | 50.00 | OK | |
r-patched-linux-x86_64 | 1.1.1 | 2.26 | 21.77 | 24.03 | OK | |
r-release-linux-x86_64 | 1.1.1 | 2.20 | 22.39 | 24.59 | OK | |
r-release-macos-arm64 | 1.1.1 | 16.00 | OK | |||
r-release-macos-x86_64 | 1.1.1 | 26.00 | OK | |||
r-release-windows-x86_64 | 1.1.1 | 3.00 | 48.00 | 51.00 | OK | |
r-oldrel-macos-arm64 | 1.1.1 | 16.00 | OK | |||
r-oldrel-macos-x86_64 | 1.1.1 | 25.00 | OK | |||
r-oldrel-windows-x86_64 | 1.1.1 | 3.00 | 47.00 | 50.00 | OK |
Version: 1.1.1
Check: CRAN incoming feasibility
Result: NOTE
Maintainer: ‘Paul R. Rosenbaum <rosenbaum@wharton.upenn.edu>’
No Authors@R field in DESCRIPTION.
Please add one, modifying
Authors@R: person(given = c("Paul", "R."),
family = "Rosenbaum",
role = c("aut", "cre"),
email = "rosenbaum@wharton.upenn.edu")
as necessary.
File 'R/submax-internal.R' sets .Random.seed.
This is usually neither needed nor wanted.
The Description field contains
or subgroup-maximum method of Lee et al. (2017) <arXiv:1702.00525> does
Please refer to arXiv e-prints via their arXiv DOI <doi:10.48550/arXiv.YYMM.NNNNN>.
Flavor: r-devel-linux-x86_64-debian-gcc