Last updated on 2025-04-28 18:50:23 CEST.
Flavor | Version | Tinstall | Tcheck | Ttotal | Status | Flags |
---|---|---|---|---|---|---|
r-devel-linux-x86_64-debian-clang | 0.7-0 | 3.68 | 39.08 | 42.76 | OK | |
r-devel-linux-x86_64-debian-gcc | 0.7-0 | 2.76 | 30.19 | 32.95 | NOTE | |
r-devel-linux-x86_64-fedora-clang | 0.7-0 | 69.40 | OK | |||
r-devel-linux-x86_64-fedora-gcc | 0.7-0 | 63.37 | OK | |||
r-devel-windows-x86_64 | 0.7-0 | 5.00 | 81.00 | 86.00 | OK | |
r-patched-linux-x86_64 | 0.7-0 | 4.14 | 37.19 | 41.33 | OK | |
r-release-linux-x86_64 | 0.7-0 | 3.36 | 37.15 | 40.51 | OK | |
r-release-macos-arm64 | 0.7-0 | 27.00 | OK | |||
r-release-macos-x86_64 | 0.7-0 | 44.00 | OK | |||
r-release-windows-x86_64 | 0.7-0 | 5.00 | 60.00 | 65.00 | OK | |
r-oldrel-macos-arm64 | 0.7-0 | 23.00 | OK | |||
r-oldrel-macos-x86_64 | 0.7-0 | 37.00 | OK | |||
r-oldrel-windows-x86_64 | 0.7-0 | 7.00 | 67.00 | 74.00 | OK |
Version: 0.7-0
Check: CRAN incoming feasibility
Result: NOTE
Maintainer: ‘Hideo Aizaki <azk-r@spa.nifty.com>’
No Authors@R field in DESCRIPTION.
Please add one, modifying
Authors@R: person(given = "Hideo",
family = "Aizaki",
role = c("aut", "cre"),
email = "azk-r@spa.nifty.com")
as necessary.
Flavor: r-devel-linux-x86_64-debian-gcc