CRAN Package Check Results for Package survivalROC

Last updated on 2025-04-28 18:50:23 CEST.

Flavor Version Tinstall Tcheck Ttotal Status Flags
r-devel-linux-x86_64-debian-clang 1.0.3.1 2.48 18.62 21.10 OK
r-devel-linux-x86_64-debian-gcc 1.0.3.1 1.81 16.19 18.00 NOTE
r-devel-linux-x86_64-fedora-clang 1.0.3.1 32.96 NOTE
r-devel-linux-x86_64-fedora-gcc 1.0.3.1 31.71 NOTE
r-devel-windows-x86_64 1.0.3.1 4.00 38.00 42.00 OK
r-patched-linux-x86_64 1.0.3.1 2.52 18.13 20.65 OK
r-release-linux-x86_64 1.0.3.1 2.37 18.38 20.75 OK
r-release-macos-arm64 1.0.3.1 16.00 OK
r-release-macos-x86_64 1.0.3.1 26.00 OK
r-release-windows-x86_64 1.0.3.1 5.00 40.00 45.00 OK
r-oldrel-macos-arm64 1.0.3.1 16.00 OK
r-oldrel-macos-x86_64 1.0.3.1 21.00 OK
r-oldrel-windows-x86_64 1.0.3.1 5.00 37.00 42.00 OK

Check Details

Version: 1.0.3.1
Check: CRAN incoming feasibility
Result: NOTE Maintainer: ‘Paramita Saha-Chaudhuri <paramita.sahachaudhuri.work@gmail.com>’ No Authors@R field in DESCRIPTION. Please add one, modifying Authors@R: c(person(given = c("Patrick", "J."), family = "Heagerty", role = "aut", email = "heagerty@u.washington.edu"), person(given = c("packaging", "by", "Paramita"), family = "Saha-Chaudhuri", role = "aut", email = "paramita.sahachaudhuri.work@gmail.com"), person(given = "Paramita", family = "Saha-Chaudhuri", role = "cre", email = "paramita.sahachaudhuri.work@gmail.com")) as necessary. Flavor: r-devel-linux-x86_64-debian-gcc

Version: 1.0.3.1
Check: compiled code
Result: NOTE File ‘survivalROC/libs/survivalROC.so’: Found no calls to: ‘R_registerRoutines’, ‘R_useDynamicSymbols’ It is good practice to register native routines and to disable symbol search. See ‘Writing portable packages’ in the ‘Writing R Extensions’ manual. Flavors: r-devel-linux-x86_64-fedora-clang, r-devel-linux-x86_64-fedora-gcc