CRAN Package Check Results for Package svTools

Last updated on 2025-07-04 07:49:43 CEST.

Flavor Version Tinstall Tcheck Ttotal Status Flags
r-devel-linux-x86_64-debian-clang 0.9-5 4.10 31.31 35.41 NOTE
r-devel-linux-x86_64-debian-gcc 0.9-5 2.76 24.22 26.98 NOTE
r-devel-linux-x86_64-fedora-clang 0.9-5 54.17 OK
r-devel-linux-x86_64-fedora-gcc 0.9-5 71.03 OK
r-devel-windows-x86_64 0.9-5 5.00 51.00 56.00 OK
r-patched-linux-x86_64 0.9-5 4.43 29.50 33.93 OK
r-release-linux-x86_64 0.9-5 3.44 29.57 33.01 OK
r-release-macos-arm64 0.9-5 34.00 OK
r-release-macos-x86_64 0.9-5 52.00 OK
r-release-windows-x86_64 0.9-5 5.00 58.00 63.00 OK
r-oldrel-macos-arm64 0.9-5 29.00 OK
r-oldrel-macos-x86_64 0.9-5 45.00 OK
r-oldrel-windows-x86_64 0.9-5 5.00 55.00 60.00 OK

Check Details

Version: 0.9-5
Check: CRAN incoming feasibility
Result: NOTE Maintainer: ‘Philippe Grosjean <phgrosjean@sciviews.org>’ Package CITATION file contains call(s) to old-style personList() or as.personList(). Please use c() on person objects instead. Package CITATION file contains call(s) to old-style citEntry(). Please use bibentry() instead. Found the following \keyword or \concept entries which likely give several index terms: File ‘bibRNews.Rd’: \concept{ BibTeX bibliography, R News } Flavors: r-devel-linux-x86_64-debian-clang, r-devel-linux-x86_64-debian-gcc