Last updated on 2025-04-28 18:50:23 CEST.
Flavor | Version | Tinstall | Tcheck | Ttotal | Status | Flags |
---|---|---|---|---|---|---|
r-devel-linux-x86_64-debian-clang | 0.1.0 | 5.23 | 70.65 | 75.88 | OK | |
r-devel-linux-x86_64-debian-gcc | 0.1.0 | 3.81 | 51.83 | 55.64 | NOTE | |
r-devel-linux-x86_64-fedora-clang | 0.1.0 | 121.01 | OK | |||
r-devel-linux-x86_64-fedora-gcc | 0.1.0 | 129.60 | OK | |||
r-devel-windows-x86_64 | 0.1.0 | 8.00 | 83.00 | 91.00 | OK | |
r-patched-linux-x86_64 | 0.1.0 | 5.65 | 71.21 | 76.86 | OK | |
r-release-linux-x86_64 | 0.1.0 | 5.02 | 70.35 | 75.37 | OK | |
r-release-macos-arm64 | 0.1.0 | 41.00 | OK | |||
r-release-macos-x86_64 | 0.1.0 | 76.00 | OK | |||
r-release-windows-x86_64 | 0.1.0 | 9.00 | 82.00 | 91.00 | OK | |
r-oldrel-macos-arm64 | 0.1.0 | 40.00 | OK | |||
r-oldrel-macos-x86_64 | 0.1.0 | 60.00 | OK | |||
r-oldrel-windows-x86_64 | 0.1.0 | 9.00 | 103.00 | 112.00 | OK |
Version: 0.1.0
Check: CRAN incoming feasibility
Result: NOTE
Maintainer: ‘Uditha Amarananda Wijesuriya <u.wijesuriya@usi.edu>’
No Authors@R field in DESCRIPTION.
Please add one, modifying
Authors@R: person(given = c("Uditha", "Amarananda"),
family = "Wijesuriya",
role = c("aut", "cre"),
email = "u.wijesuriya@usi.edu")
as necessary.
Flavor: r-devel-linux-x86_64-debian-gcc