CRAN Package Check Results for Package symDMatrix

Last updated on 2025-04-28 18:50:24 CEST.

Flavor Version Tinstall Tcheck Ttotal Status Flags
r-devel-linux-x86_64-debian-clang 2.1.1 2.57 26.82 29.39 OK
r-devel-linux-x86_64-debian-gcc 2.1.1 1.84 22.15 23.99 NOTE
r-devel-linux-x86_64-fedora-clang 2.1.1 46.78 OK
r-devel-linux-x86_64-fedora-gcc 2.1.1 44.22 OK
r-devel-windows-x86_64 2.1.1 4.00 48.00 52.00 OK
r-patched-linux-x86_64 2.1.1 2.54 25.62 28.16 OK
r-release-linux-x86_64 2.1.1 2.64 25.97 28.61 OK
r-release-macos-arm64 2.1.1 21.00 OK
r-release-macos-x86_64 2.1.1 50.00 OK
r-release-windows-x86_64 2.1.1 4.00 48.00 52.00 OK
r-oldrel-macos-arm64 2.1.1 20.00 OK
r-oldrel-macos-x86_64 2.1.1 34.00 OK
r-oldrel-windows-x86_64 2.1.1 5.00 53.00 58.00 OK

Check Details

Version: 2.1.1
Check: CRAN incoming feasibility
Result: NOTE Maintainer: ‘Alexander Grueneberg <cran@agrueneberg.info>’ Package CITATION file contains call(s) to old-style citEntry(). Please use bibentry() instead. Flavor: r-devel-linux-x86_64-debian-gcc