Last updated on 2025-04-29 06:49:57 CEST.
Flavor | Version | Tinstall | Tcheck | Ttotal | Status | Flags |
---|---|---|---|---|---|---|
r-devel-linux-x86_64-debian-clang | 1.0.1 | 11.97 | 95.61 | 107.58 | OK | |
r-devel-linux-x86_64-debian-gcc | 1.0.1 | 10.25 | 68.61 | 78.86 | NOTE | |
r-devel-linux-x86_64-fedora-clang | 1.0.1 | 172.79 | OK | |||
r-devel-linux-x86_64-fedora-gcc | 1.0.1 | 179.42 | OK | |||
r-devel-windows-x86_64 | 1.0.1 | 17.00 | 109.00 | 126.00 | OK | |
r-patched-linux-x86_64 | 1.0.1 | 13.08 | 91.22 | 104.30 | OK | |
r-release-linux-x86_64 | 1.0.1 | 14.50 | 90.57 | 105.07 | OK | |
r-release-macos-arm64 | 1.0.1 | 61.00 | OK | |||
r-release-macos-x86_64 | 1.0.1 | 132.00 | OK | |||
r-release-windows-x86_64 | 1.0.1 | 17.00 | 113.00 | 130.00 | OK | |
r-oldrel-macos-arm64 | 1.0.1 | 54.00 | OK | |||
r-oldrel-macos-x86_64 | 1.0.1 | 97.00 | OK | |||
r-oldrel-windows-x86_64 | 1.0.1 | 21.00 | 131.00 | 152.00 | OK |
Version: 1.0.1
Check: CRAN incoming feasibility
Result: NOTE
Maintainer: ‘Anna Kiriliouk <anna.kiriliouk@unamur.be>’
No Authors@R field in DESCRIPTION.
Please add one, modifying
Authors@R: person(given = "Anna",
family = "Kiriliouk",
role = c("aut", "cre"),
email = "anna.kiriliouk@unamur.be")
as necessary.
Flavor: r-devel-linux-x86_64-debian-gcc