CRAN Package Check Results for Package tdaunif

Last updated on 2025-07-04 19:50:32 CEST.

Flavor Version Tinstall Tcheck Ttotal Status Flags
r-devel-linux-x86_64-debian-clang 0.2.0 2.47 33.55 36.02 NOTE
r-devel-linux-x86_64-debian-gcc 0.2.0 2.09 26.91 29.00 NOTE
r-devel-linux-x86_64-fedora-clang 0.2.0 51.89 NOTE
r-devel-linux-x86_64-fedora-gcc 0.2.0 61.97 NOTE
r-devel-windows-x86_64 0.2.0 4.00 55.00 59.00 NOTE
r-patched-linux-x86_64 0.2.0 2.95 30.95 33.90 NOTE
r-release-linux-x86_64 0.2.0 2.53 30.84 33.37 NOTE
r-release-macos-arm64 0.2.0 38.00 NOTE
r-release-macos-x86_64 0.2.0 49.00 NOTE
r-release-windows-x86_64 0.2.0 5.00 55.00 60.00 NOTE
r-oldrel-macos-arm64 0.2.0 49.00 OK
r-oldrel-macos-x86_64 0.2.0 71.00 OK
r-oldrel-windows-x86_64 0.2.0 4.00 62.00 66.00 OK

Check Details

Version: 0.2.0
Check: DESCRIPTION meta-information
Result: NOTE Missing dependency on R >= 4.1.0 because package code uses the pipe |> or function shorthand \(...) syntax added in R 4.1.0. File(s) using such syntax: ‘mobius-strips.Rd’ Flavors: r-devel-linux-x86_64-debian-clang, r-devel-linux-x86_64-debian-gcc, r-devel-linux-x86_64-fedora-clang, r-devel-linux-x86_64-fedora-gcc, r-devel-windows-x86_64, r-patched-linux-x86_64, r-release-linux-x86_64, r-release-macos-arm64, r-release-macos-x86_64, r-release-windows-x86_64