CRAN Package Check Results for Package textclean

Last updated on 2025-04-28 18:50:24 CEST.

Flavor Version Tinstall Tcheck Ttotal Status Flags
r-devel-linux-x86_64-debian-clang 0.9.3 13.43 41.41 54.84 NOTE
r-devel-linux-x86_64-debian-gcc 0.9.3 11.82 33.39 45.21 NOTE
r-devel-linux-x86_64-fedora-clang 0.9.3 91.02 NOTE
r-devel-linux-x86_64-fedora-gcc 0.9.3 81.40 NOTE
r-devel-windows-x86_64 0.9.3 15.00 69.00 84.00 NOTE
r-patched-linux-x86_64 0.9.3 12.55 39.59 52.14 NOTE
r-release-linux-x86_64 0.9.3 13.80 39.59 53.39 NOTE
r-release-macos-arm64 0.9.3 34.00 NOTE
r-release-macos-x86_64 0.9.3 52.00 NOTE
r-release-windows-x86_64 0.9.3 15.00 69.00 84.00 NOTE
r-oldrel-macos-arm64 0.9.3 33.00 NOTE
r-oldrel-macos-x86_64 0.9.3 44.00 NOTE
r-oldrel-windows-x86_64 0.9.3 19.00 79.00 98.00 NOTE

Check Details

Version: 0.9.3
Check: Rd files
Result: NOTE checkRd: (-1) check_text.Rd:31: Lost braces in \itemize; \value handles \item{}{} directly checkRd: (-1) check_text.Rd:32: Lost braces in \itemize; \value handles \item{}{} directly checkRd: (-1) check_text.Rd:33: Lost braces in \itemize; \value handles \item{}{} directly checkRd: (-1) check_text.Rd:34: Lost braces in \itemize; \value handles \item{}{} directly checkRd: (-1) check_text.Rd:35: Lost braces in \itemize; \value handles \item{}{} directly checkRd: (-1) check_text.Rd:36: Lost braces in \itemize; \value handles \item{}{} directly checkRd: (-1) check_text.Rd:37: Lost braces in \itemize; \value handles \item{}{} directly checkRd: (-1) check_text.Rd:38: Lost braces in \itemize; \value handles \item{}{} directly checkRd: (-1) check_text.Rd:39: Lost braces in \itemize; \value handles \item{}{} directly checkRd: (-1) check_text.Rd:40: Lost braces in \itemize; \value handles \item{}{} directly checkRd: (-1) check_text.Rd:41: Lost braces in \itemize; \value handles \item{}{} directly checkRd: (-1) check_text.Rd:42: Lost braces in \itemize; \value handles \item{}{} directly checkRd: (-1) check_text.Rd:43: Lost braces in \itemize; \value handles \item{}{} directly checkRd: (-1) check_text.Rd:44: Lost braces in \itemize; \value handles \item{}{} directly checkRd: (-1) check_text.Rd:45: Lost braces in \itemize; \value handles \item{}{} directly checkRd: (-1) check_text.Rd:46: Lost braces in \itemize; \value handles \item{}{} directly checkRd: (-1) check_text.Rd:47: Lost braces in \itemize; \value handles \item{}{} directly checkRd: (-1) check_text.Rd:48: Lost braces in \itemize; \value handles \item{}{} directly checkRd: (-1) check_text.Rd:49: Lost braces in \itemize; \value handles \item{}{} directly checkRd: (-1) check_text.Rd:50: Lost braces in \itemize; \value handles \item{}{} directly checkRd: (-1) check_text.Rd:51: Lost braces in \itemize; \value handles \item{}{} directly checkRd: (-1) check_text.Rd:52: Lost braces in \itemize; \value handles \item{}{} directly checkRd: (-1) check_text.Rd:53: Lost braces in \itemize; \value handles \item{}{} directly checkRd: (-1) replace_html.Rd:12: Lost braces 12 | \item{symbol}{logical. If code{TRUE} the symbols are retained with appropriate | ^ Flavors: r-devel-linux-x86_64-debian-clang, r-devel-linux-x86_64-debian-gcc, r-devel-linux-x86_64-fedora-clang, r-devel-linux-x86_64-fedora-gcc, r-devel-windows-x86_64, r-patched-linux-x86_64, r-release-linux-x86_64, r-release-macos-arm64, r-release-macos-x86_64, r-release-windows-x86_64, r-oldrel-macos-arm64, r-oldrel-macos-x86_64, r-oldrel-windows-x86_64

Version: 0.9.3
Check: CRAN incoming feasibility
Result: NOTE Maintainer: ‘Tyler Rinker <tyler.rinker@gmail.com>’ Package CITATION file contains call(s) to old-style citEntry(). Please use bibentry() instead. Found the following (possibly) invalid file URI: URI: CONDUCT.md From: README.md Flavor: r-devel-linux-x86_64-debian-gcc