Last updated on 2025-07-03 19:50:43 CEST.
Flavor | Version | Tinstall | Tcheck | Ttotal | Status | Flags |
---|---|---|---|---|---|---|
r-devel-linux-x86_64-debian-clang | 0.1.2 | 1.75 | 39.04 | 40.79 | OK | |
r-devel-linux-x86_64-debian-gcc | 0.1.2 | 1.32 | 30.29 | 31.61 | OK | |
r-devel-linux-x86_64-fedora-clang | 0.1.2 | 59.29 | NOTE | |||
r-devel-linux-x86_64-fedora-gcc | 0.1.2 | 70.14 | NOTE | |||
r-devel-windows-x86_64 | 0.1.2 | 3.00 | 55.00 | 58.00 | OK | |
r-patched-linux-x86_64 | 0.1.2 | 1.84 | 37.83 | 39.67 | OK | |
r-release-linux-x86_64 | 0.1.2 | 1.65 | 37.79 | 39.44 | OK | |
r-release-macos-arm64 | 0.1.2 | 28.00 | OK | |||
r-release-macos-x86_64 | 0.1.2 | 50.00 | OK | |||
r-release-windows-x86_64 | 0.1.2 | 4.00 | 56.00 | 60.00 | OK | |
r-oldrel-macos-arm64 | 0.1.2 | 27.00 | OK | |||
r-oldrel-macos-x86_64 | 0.1.2 | 41.00 | OK | |||
r-oldrel-windows-x86_64 | 0.1.2 | 4.00 | 63.00 | 67.00 | OK |
Version: 0.1.2
Check: dependencies in R code
Result: NOTE
Namespace in Imports field not imported from: ‘tidyr’
All declared Imports should be used.
Flavors: r-devel-linux-x86_64-fedora-clang, r-devel-linux-x86_64-fedora-gcc