Last updated on 2025-07-04 19:50:33 CEST.
Flavor | Version | Tinstall | Tcheck | Ttotal | Status | Flags |
---|---|---|---|---|---|---|
r-devel-linux-x86_64-debian-clang | 1.3.8-4 | 39.16 | 46.62 | 85.78 | NOTE | |
r-devel-linux-x86_64-debian-gcc | 1.3.8-4 | 21.92 | 34.21 | 56.13 | NOTE | |
r-devel-linux-x86_64-fedora-clang | 1.3.8-4 | 119.55 | OK | |||
r-devel-linux-x86_64-fedora-gcc | 1.3.8-4 | 115.91 | OK | |||
r-devel-windows-x86_64 | 1.3.8-4 | 42.00 | 74.00 | 116.00 | OK | |
r-patched-linux-x86_64 | 1.3.8-4 | 32.04 | 44.02 | 76.06 | OK | |
r-release-linux-x86_64 | 1.3.8-4 | 29.76 | 43.71 | 73.47 | OK | |
r-release-macos-arm64 | 1.3.8-4 | 44.00 | OK | |||
r-release-macos-x86_64 | 1.3.8-4 | 57.00 | OK | |||
r-release-windows-x86_64 | 1.3.8-4 | 43.00 | 82.00 | 125.00 | OK | |
r-oldrel-macos-arm64 | 1.3.8-4 | 53.00 | OK | |||
r-oldrel-macos-x86_64 | 1.3.8-4 | 62.00 | OK | |||
r-oldrel-windows-x86_64 | 1.3.8-4 | 42.00 | 74.00 | 116.00 | OK |
Version: 1.3.8-4
Check: CRAN incoming feasibility
Result: NOTE
Maintainer: ‘Masami Saga <msaga@mtb.biglobe.ne.jp>’
No Authors@R field in DESCRIPTION.
Please add one, modifying
Authors@R: c(person(given = c("The", "Institute", "of", "Statistical"),
family = "Mathematics",
role = "aut"),
person(given = "Masami",
family = "Saga",
role = "cre",
email = "msaga@mtb.biglobe.ne.jp"))
as necessary.
Flavors: r-devel-linux-x86_64-debian-clang, r-devel-linux-x86_64-debian-gcc