Last updated on 2025-04-28 18:50:24 CEST.
Flavor | Version | Tinstall | Tcheck | Ttotal | Status | Flags |
---|---|---|---|---|---|---|
r-devel-linux-x86_64-debian-clang | 4.0 | 55.50 | 412.98 | 468.48 | OK | |
r-devel-linux-x86_64-debian-gcc | 4.0 | 39.10 | 271.25 | 310.35 | NOTE | |
r-devel-linux-x86_64-fedora-clang | 4.0 | 748.04 | OK | |||
r-devel-linux-x86_64-fedora-gcc | 4.0 | 703.73 | OK | |||
r-devel-windows-x86_64 | 4.0 | 54.00 | 344.00 | 398.00 | OK | |
r-patched-linux-x86_64 | 4.0 | 58.07 | 390.73 | 448.80 | OK | |
r-release-linux-x86_64 | 4.0 | 54.51 | 388.23 | 442.74 | OK | |
r-release-macos-arm64 | 4.0 | 180.00 | OK | |||
r-release-macos-x86_64 | 4.0 | 349.00 | OK | |||
r-release-windows-x86_64 | 4.0 | 51.00 | 345.00 | 396.00 | OK | |
r-oldrel-macos-arm64 | 4.0 | 176.00 | OK | |||
r-oldrel-macos-x86_64 | 4.0 | 365.00 | OK | |||
r-oldrel-windows-x86_64 | 4.0 | 77.00 | 464.00 | 541.00 | OK |
Version: 4.0
Check: examples
Result: NOTE
Examples with CPU (user + system) or elapsed time > 5s
user system elapsed
tm_polygons 5.187 0.246 7.005
Flavor: r-devel-linux-x86_64-debian-gcc