Last updated on 2025-07-03 19:50:43 CEST.
Flavor | Version | Tinstall | Tcheck | Ttotal | Status | Flags |
---|---|---|---|---|---|---|
r-devel-linux-x86_64-debian-clang | 1.2 | 15.92 | 114.73 | 130.65 | OK | |
r-devel-linux-x86_64-debian-gcc | 1.2 | 11.16 | 80.83 | 91.99 | OK | |
r-devel-linux-x86_64-fedora-clang | 1.2 | 216.44 | NOTE | |||
r-devel-linux-x86_64-fedora-gcc | 1.2 | 190.52 | NOTE | |||
r-devel-windows-x86_64 | 1.2 | 17.00 | 108.00 | 125.00 | OK | |
r-patched-linux-x86_64 | 1.2 | 15.12 | 108.92 | 124.04 | OK | |
r-release-linux-x86_64 | 1.2 | 13.85 | 108.94 | 122.79 | OK | |
r-release-macos-arm64 | 1.2 | 52.00 | OK | |||
r-release-macos-x86_64 | 1.2 | 94.00 | OK | |||
r-release-windows-x86_64 | 1.2 | 16.00 | 107.00 | 123.00 | OK | |
r-oldrel-macos-arm64 | 1.2 | 48.00 | OK | |||
r-oldrel-macos-x86_64 | 1.2 | 76.00 | OK | |||
r-oldrel-windows-x86_64 | 1.2 | 21.00 | 139.00 | 160.00 | OK |
Version: 1.2
Check: dependencies in R code
Result: NOTE
Namespaces in Imports field not imported from:
‘V8’ ‘colorspace’
All declared Imports should be used.
Flavors: r-devel-linux-x86_64-fedora-clang, r-devel-linux-x86_64-fedora-gcc