Last updated on 2025-04-28 18:50:25 CEST.
Flavor | Version | Tinstall | Tcheck | Ttotal | Status | Flags |
---|---|---|---|---|---|---|
r-devel-linux-x86_64-debian-clang | 1.4.3 | 5.82 | 136.59 | 142.41 | OK | |
r-devel-linux-x86_64-debian-gcc | 1.4.3 | 3.09 | 88.85 | 91.94 | NOTE | |
r-devel-linux-x86_64-fedora-clang | 1.4.3 | 240.37 | OK | |||
r-devel-linux-x86_64-fedora-gcc | 1.4.3 | 245.83 | OK | |||
r-devel-windows-x86_64 | 1.4.3 | 6.00 | 161.00 | 167.00 | OK | |
r-patched-linux-x86_64 | 1.4.3 | 6.49 | 129.34 | 135.83 | OK | |
r-release-linux-x86_64 | 1.4.3 | 4.43 | 138.58 | 143.01 | OK | |
r-release-macos-arm64 | 1.4.3 | 64.00 | WARN | |||
r-release-macos-x86_64 | 1.4.3 | 130.00 | OK | |||
r-release-windows-x86_64 | 1.4.3 | 7.00 | 158.00 | 165.00 | OK | |
r-oldrel-macos-arm64 | 1.4.3 | 78.00 | WARN | |||
r-oldrel-macos-x86_64 | 1.4.3 | 101.00 | OK | |||
r-oldrel-windows-x86_64 | 1.4.3 | 7.00 | 208.00 | 215.00 | OK |
Version: 1.4.3
Check: CRAN incoming feasibility
Result: NOTE
Maintainer: ‘Tobias Liboschik <liboschik@statistik.tu-dortmund.de>’
Found the following URLs which should use \doi (with the DOI name only):
File ‘QIC.Rd’:
http://dx.doi.org/10.1111/j.0006-341X.2001.00120.x
File ‘campy.Rd’:
http://dx.doi.org/10.1111/j.1467-9892.2006.00496.x
File ‘ingarch.analytical.Rd’:
http://dx.doi.org/10.1111/j.1467-9892.2006.00496.x
File ‘interv_covariate.Rd’:
http://dx.doi.org/10.1111/j.1467-9892.2010.00657.x
http://dx.doi.org/10.1177/1471082X1201200401
http://dx.doi.org/10.17877/DE290R-17191
http://dx.doi.org/10.1080/00207160.2014.949250
File ‘interv_detect.tsglm.Rd’:
http://dx.doi.org/10.1111/j.1467-9892.2010.00657.x
http://dx.doi.org/10.1177/1471082X1201200401
http://dx.doi.org/10.17877/DE290R-17191
http://dx.doi.org/10.1080/00207160.2014.949250
File ‘interv_multiple.tsglm.Rd’:
http://dx.doi.org/10.1111/j.1467-9892.2010.00657.x
http://dx.doi.org/10.1177/1471082X1201200401
http://dx.doi.org/10.17877/DE290R-17191
http://dx.doi.org/10.1080/00207160.2014.949250
File ‘interv_test.tsglm.Rd’:
http://dx.doi.org/10.1111/j.1467-9892.2010.00657.x
http://dx.doi.org/10.1177/1471082X1201200401
http://dx.doi.org/10.17877/DE290R-17191
http://dx.doi.org/10.1080/00207160.2014.949250
File ‘marcal.Rd’:
http://dx.doi.org/10.1080/00949655.2013.823612
http://dx.doi.org/10.1111/j.1541-0420.2009.01191.x
http://dx.doi.org/10.1111/j.1467-9868.2007.00587.x
File ‘pit.Rd’:
http://dx.doi.org/10.1080/00949655.2013.823612
http://dx.doi.org/10.1111/j.1541-0420.2009.01191.x
http://dx.doi.org/10.1111/j.1467-9868.2007.00587.x
File ‘predict.tsglm.Rd’:
http://dx.doi.org/10.18637/jss.v082.i05
File ‘scoring.Rd’:
http://dx.doi.org/10.1080/00949655.2013.823612
http://dx.doi.org/10.1111/j.1541-0420.2009.01191.x
http://dx.doi.org/10.1111/j.1467-9868.2007.00587.x
http://dx.doi.org/10.1002/sim.4177
File ‘se.tsglm.Rd’:
http://dx.doi.org/10.18637/jss.v082.i05
File ‘tscount-package.Rd’:
http://dx.doi.org/10.1002/jtsa.12050
http://dx.doi.org/10.1214/15-EJS1044
http://dx.doi.org/10.1111/j.1467-9892.2006.00496.x
http://dx.doi.org/10.1111/j.1467-9892.2010.00657.x
http://dx.doi.org/10.1177/1471082X1201200401
http://dx.doi.org/10.1198/jasa.2009.tm08270
http://dx.doi.org/10.1016/j.jmva.2010.11.002
http://dx.doi.org/10.17877/DE290R-17191
http://dx.doi.org/10.1080/00207160.2014.949250
http://dx.doi.org/10.18637/jss.v082.i05
File ‘tsglm.Rd’:
http://dx.doi.org/10.1002/jtsa.12050
http://dx.doi.org/10.1214/15-EJS1044
http://dx.doi.org/10.1111/j.1467-9892.2006.00496.x
http://dx.doi.org/10.1111/j.1467-9892.2010.00657.x
http://dx.doi.org/10.1177/1471082X1201200401
http://dx.doi.org/10.1198/jasa.2009.tm08270
http://dx.doi.org/10.1016/j.jmva.2010.11.002
http://dx.doi.org/10.18637/jss.v082.i05
File ‘tsglm.sim.Rd’:
http://dx.doi.org/10.18637/jss.v082.i05
Flavor: r-devel-linux-x86_64-debian-gcc
Version: 1.4.3
Check: re-building of vignette outputs
Result: WARN
Error(s) in re-building vignettes:
--- re-building ‘tsglm.Rnw’ using Sweave
Error: processing vignette 'tsglm.Rnw' failed with diagnostics:
Running 'texi2dvi' on 'tsglm.tex' failed.
LaTeX errors:
!pdfTeX error: pdflatex (file bbm10): Font bbm10 at 657 not found
==> Fatal error occurred, no output PDF file produced!
--- failed re-building 'tsglm.Rnw'
SUMMARY: processing the following file failed:
'tsglm.Rnw'
Error: Vignette re-building failed.
Execution halted
Flavors: r-release-macos-arm64, r-oldrel-macos-arm64