Last updated on 2025-07-03 19:50:43 CEST.
Flavor | Version | Tinstall | Tcheck | Ttotal | Status | Flags |
---|---|---|---|---|---|---|
r-devel-linux-x86_64-debian-clang | 2.1.1 | 6.38 | 63.30 | 69.68 | NOTE | |
r-devel-linux-x86_64-debian-gcc | 2.1.1 | 4.49 | 43.06 | 47.55 | NOTE | |
r-devel-linux-x86_64-fedora-clang | 2.1.1 | 113.17 | NOTE | |||
r-devel-linux-x86_64-fedora-gcc | 2.1.1 | 116.91 | NOTE | |||
r-devel-windows-x86_64 | 2.1.1 | 8.00 | 71.00 | 79.00 | NOTE | |
r-patched-linux-x86_64 | 2.1.1 | 5.57 | 56.69 | 62.26 | NOTE | |
r-release-linux-x86_64 | 2.1.1 | 6.08 | 55.87 | 61.95 | NOTE | |
r-release-macos-arm64 | 2.1.1 | 42.00 | NOTE | |||
r-release-macos-x86_64 | 2.1.1 | 66.00 | NOTE | |||
r-release-windows-x86_64 | 2.1.1 | 8.00 | 72.00 | 80.00 | NOTE | |
r-oldrel-macos-arm64 | 2.1.1 | 36.00 | OK | |||
r-oldrel-macos-x86_64 | 2.1.1 | 52.00 | OK | |||
r-oldrel-windows-x86_64 | 2.1.1 | 10.00 | 89.00 | 99.00 | OK |
Version: 2.1.1
Check: DESCRIPTION meta-information
Result: NOTE
Missing dependency on R >= 4.1.0 because package code uses the pipe
|> or function shorthand \(...) syntax added in R 4.1.0.
File(s) using such syntax:
‘calc_distance.R’ ‘reason_dataleaks.R’ ‘viz_dataleaks.R’
Flavors: r-devel-linux-x86_64-debian-clang, r-devel-linux-x86_64-debian-gcc, r-devel-linux-x86_64-fedora-clang, r-devel-linux-x86_64-fedora-gcc, r-devel-windows-x86_64, r-patched-linux-x86_64, r-release-linux-x86_64, r-release-macos-arm64, r-release-macos-x86_64, r-release-windows-x86_64