Last updated on 2025-07-04 19:50:33 CEST.
Flavor | Version | Tinstall | Tcheck | Ttotal | Status | Flags |
---|---|---|---|---|---|---|
r-devel-linux-x86_64-debian-clang | 0.1.0 | 6.19 | 46.88 | 53.07 | OK | |
r-devel-linux-x86_64-debian-gcc | 0.1.0 | 4.85 | 34.74 | 39.59 | OK | |
r-devel-linux-x86_64-fedora-clang | 0.1.0 | 82.59 | OK | |||
r-devel-linux-x86_64-fedora-gcc | 0.1.0 | 96.42 | OK | |||
r-devel-windows-x86_64 | 0.1.0 | 8.00 | 75.00 | 83.00 | OK | |
r-patched-linux-x86_64 | 0.1.0 | 7.51 | 44.51 | 52.02 | OK | |
r-release-linux-x86_64 | 0.1.0 | 5.66 | 44.93 | 50.59 | OK | |
r-release-macos-arm64 | 0.1.0 | 43.00 | OK | |||
r-release-macos-x86_64 | 0.1.0 | 69.00 | OK | |||
r-release-windows-x86_64 | 0.1.0 | 9.00 | 73.00 | 82.00 | OK | |
r-oldrel-macos-arm64 | 0.1.0 | 50.00 | OK | |||
r-oldrel-macos-x86_64 | 0.1.0 | 63.00 | NOTE | |||
r-oldrel-windows-x86_64 | 0.1.0 | 8.00 | 84.00 | 92.00 | OK |
Version: 0.1.0
Check: installed package size
Result: NOTE
installed size is 5.6Mb
sub-directories of 1Mb or more:
R 2.6Mb
data 2.6Mb
Flavor: r-oldrel-macos-x86_64