CRAN Package Check Results for Package visualFields

Last updated on 2025-07-04 19:50:34 CEST.

Flavor Version Tinstall Tcheck Ttotal Status Flags
r-devel-linux-x86_64-debian-clang 1.0.7 22.89 103.35 126.24 OK
r-devel-linux-x86_64-debian-gcc 1.0.7 15.21 70.90 86.11 OK
r-devel-linux-x86_64-fedora-clang 1.0.7 196.19 OK
r-devel-linux-x86_64-fedora-gcc 1.0.7 189.54 OK
r-devel-windows-x86_64 1.0.7 24.00 107.00 131.00 OK
r-patched-linux-x86_64 1.0.7 20.44 96.06 116.50 OK
r-release-linux-x86_64 1.0.7 21.69 95.32 117.01 OK
r-release-macos-arm64 1.0.7 60.00 OK
r-release-macos-x86_64 1.0.7 111.00 OK
r-release-windows-x86_64 1.0.7 25.00 108.00 133.00 OK
r-oldrel-macos-arm64 1.0.7 62.00 NOTE
r-oldrel-macos-x86_64 1.0.7 120.00 NOTE
r-oldrel-windows-x86_64 1.0.7 35.00 139.00 174.00 NOTE

Check Details

Version: 1.0.7
Check: installed package size
Result: NOTE installed size is 6.4Mb sub-directories of 1Mb or more: data 6.0Mb Flavors: r-oldrel-macos-arm64, r-oldrel-macos-x86_64, r-oldrel-windows-x86_64