CRAN Package Check Results for Package webdeveloper

Last updated on 2025-07-04 19:50:34 CEST.

Flavor Version Tinstall Tcheck Ttotal Status Flags
r-devel-linux-x86_64-debian-clang 1.0.5 2.20 26.67 28.87 NOTE
r-devel-linux-x86_64-debian-gcc 1.0.5 2.08 21.12 23.20 NOTE
r-devel-linux-x86_64-fedora-clang 1.0.5 44.69 OK
r-devel-linux-x86_64-fedora-gcc 1.0.5 42.32 OK
r-devel-windows-x86_64 1.0.5 5.00 49.00 54.00 OK
r-patched-linux-x86_64 1.0.5 2.65 24.94 27.59 OK
r-release-linux-x86_64 1.0.5 2.54 24.91 27.45 OK
r-release-macos-arm64 1.0.5 18.00 OK
r-release-macos-x86_64 1.0.5 29.00 OK
r-release-windows-x86_64 1.0.5 5.00 50.00 55.00 OK
r-oldrel-macos-arm64 1.0.5 18.00 OK
r-oldrel-macos-x86_64 1.0.5 26.00 OK
r-oldrel-windows-x86_64 1.0.5 6.00 54.00 60.00 OK

Check Details

Version: 1.0.5
Check: CRAN incoming feasibility
Result: NOTE Maintainer: ‘Timothy Conwell <timconwell@gmail.com>’ No Authors@R field in DESCRIPTION. Please add one, modifying Authors@R: person(given = "Timothy", family = "Conwell", role = c("aut", "cre"), email = "timconwell@gmail.com") as necessary. Flavors: r-devel-linux-x86_64-debian-clang, r-devel-linux-x86_64-debian-gcc