Last updated on 2025-04-28 18:50:26 CEST.
Flavor | Version | Tinstall | Tcheck | Ttotal | Status | Flags |
---|---|---|---|---|---|---|
r-devel-linux-x86_64-debian-clang | 2.3 | 15.12 | 103.08 | 118.20 | OK | |
r-devel-linux-x86_64-debian-gcc | 2.3 | 10.76 | 74.08 | 84.84 | NOTE | |
r-devel-linux-x86_64-fedora-clang | 2.3 | 202.97 | OK | |||
r-devel-linux-x86_64-fedora-gcc | 2.3 | 175.19 | OK | |||
r-devel-windows-x86_64 | 2.3 | 4.00 | 5.00 | 9.00 | ERROR | |
r-patched-linux-x86_64 | 2.3 | 16.29 | 104.43 | 120.72 | OK | |
r-release-linux-x86_64 | 2.3 | 15.18 | 103.96 | 119.14 | OK | |
r-release-macos-arm64 | 2.3 | 62.00 | OK | |||
r-release-macos-x86_64 | 2.3 | 98.00 | OK | |||
r-release-windows-x86_64 | 2.3 | 17.00 | 110.00 | 127.00 | OK | |
r-oldrel-macos-arm64 | 2.3 | 48.00 | OK | |||
r-oldrel-macos-x86_64 | 2.3 | 82.00 | OK | |||
r-oldrel-windows-x86_64 | 2.3 | 21.00 | 142.00 | 163.00 | OK |
Version: 2.3
Check: CRAN incoming feasibility
Result: NOTE
Maintainer: ‘Emeline Perthame <emeline.perthame@pasteur.fr>’
No Authors@R field in DESCRIPTION.
Please add one, modifying
Authors@R: c(person(given = "Emeline",
family = "Perthame",
role = c("aut", "cre"),
email = "emeline.perthame@pasteur.fr",
comment = "emeline.perthame@inria.fr"),
person(given = "Florence",
family = "Forbes",
role = "aut",
comment = "florence.forbes@inria.fr"),
person(given = "Antoine",
family = "Deleforge",
role = "aut",
comment = "antoine.deleforge@inria.fr"),
person(given = "Emilie",
family = "Devijver",
role = "aut",
comment = "emilie.devijver@kuleuven.be"),
person(given = "Melina",
family = "Gallopin",
role = "aut",
comment = "melina.gallopin@u-psud.fr"))
as necessary.
The Description field contains
al (2017) <arXiv:1701.07899>) which is an extension of GLLiM with a
Please refer to arXiv e-prints via their arXiv DOI <doi:10.48550/arXiv.YYMM.NNNNN>.
Flavor: r-devel-linux-x86_64-debian-gcc
Version: 2.3
Check: whether package can be installed
Result: ERROR
Installation failed.
Flavor: r-devel-windows-x86_64