CRAN Package Check Results for Package xtable

Last updated on 2025-07-04 19:50:34 CEST.

Flavor Version Tinstall Tcheck Ttotal Status Flags
r-devel-linux-x86_64-debian-clang 1.8-4 2.30 56.27 58.57 NOTE
r-devel-linux-x86_64-debian-gcc 1.8-4 2.27 45.60 47.87 NOTE
r-devel-linux-x86_64-fedora-clang 1.8-4 93.40 NOTE
r-devel-linux-x86_64-fedora-gcc 1.8-4 101.79 NOTE
r-devel-windows-x86_64 1.8-4 6.00 115.00 121.00 OK
r-patched-linux-x86_64 1.8-4 2.70 53.88 56.58 NOTE
r-release-linux-x86_64 1.8-4 2.39 53.56 55.95 NOTE
r-release-macos-arm64 1.8-4 82.00 OK
r-release-macos-x86_64 1.8-4 134.00 OK
r-release-windows-x86_64 1.8-4 4.00 115.00 119.00 OK
r-oldrel-macos-arm64 1.8-4 45.00 OK
r-oldrel-macos-x86_64 1.8-4 153.00 OK
r-oldrel-windows-x86_64 1.8-4 7.00 122.00 129.00 OK

Check Details

Version: 1.8-4
Check: for non-standard things in the check directory
Result: NOTE Found the following files/directories: ‘xtable.html’ ‘xtable.tex’ Flavors: r-devel-linux-x86_64-debian-clang, r-devel-linux-x86_64-debian-gcc, r-devel-linux-x86_64-fedora-clang, r-devel-linux-x86_64-fedora-gcc, r-patched-linux-x86_64, r-release-linux-x86_64