Last updated on 2025-04-28 18:50:26 CEST.
Flavor | Version | Tinstall | Tcheck | Ttotal | Status | Flags |
---|---|---|---|---|---|---|
r-devel-linux-x86_64-debian-clang | 0.1.0 | 13.72 | 205.41 | 219.13 | OK | |
r-devel-linux-x86_64-debian-gcc | 0.1.0 | 9.08 | 127.58 | 136.66 | NOTE | |
r-devel-linux-x86_64-fedora-clang | 0.1.0 | 377.09 | OK | |||
r-devel-linux-x86_64-fedora-gcc | 0.1.0 | 355.67 | OK | |||
r-devel-windows-x86_64 | 0.1.0 | 15.00 | 186.00 | 201.00 | OK | |
r-patched-linux-x86_64 | 0.1.0 | 11.06 | 196.37 | 207.43 | OK | |
r-release-linux-x86_64 | 0.1.0 | 13.50 | 197.16 | 210.66 | OK | |
r-release-macos-arm64 | 0.1.0 | 107.00 | OK | |||
r-release-macos-x86_64 | 0.1.0 | 182.00 | OK | |||
r-release-windows-x86_64 | 0.1.0 | 16.00 | 184.00 | 200.00 | OK | |
r-oldrel-macos-arm64 | 0.1.0 | 91.00 | OK | |||
r-oldrel-macos-x86_64 | 0.1.0 | 140.00 | OK | |||
r-oldrel-windows-x86_64 | 0.1.0 | 21.00 | 265.00 | 286.00 | OK |
Version: 0.1.0
Check: CRAN incoming feasibility
Result: NOTE
Maintainer: ‘Joao Claudio Macosso <joaoclaudiomacosso@gmail.com>’
No Authors@R field in DESCRIPTION.
Please add one, modifying
Authors@R: person(given = c("Joao", "Claudio"),
family = "Macosso",
role = c("aut", "cre"),
email = "joaoclaudiomacosso@gmail.com")
as necessary.
Flavor: r-devel-linux-x86_64-debian-gcc