Last updated on 2025-07-04 07:49:46 CEST.
Flavor | Version | Tinstall | Tcheck | Ttotal | Status | Flags |
---|---|---|---|---|---|---|
r-devel-linux-x86_64-debian-clang | 1.3.1 | 165.90 | 154.43 | 320.33 | OK | |
r-devel-linux-x86_64-debian-gcc | 1.3.1 | 141.88 | 119.06 | 260.94 | OK | |
r-devel-linux-x86_64-fedora-clang | 1.3.1 | 368.79 | NOTE | |||
r-devel-linux-x86_64-fedora-gcc | 1.3.1 | 403.14 | NOTE | |||
r-devel-windows-x86_64 | 1.3.1 | 147.00 | 213.00 | 360.00 | OK | |
r-patched-linux-x86_64 | 1.3.1 | 171.36 | 154.61 | 325.97 | OK | |
r-release-linux-x86_64 | 1.3.1 | 170.61 | 158.76 | 329.37 | OK | |
r-release-macos-arm64 | 1.3.1 | 145.00 | OK | |||
r-release-macos-x86_64 | 1.3.1 | 359.00 | OK | |||
r-release-windows-x86_64 | 1.3.1 | 158.00 | 210.00 | 368.00 | OK | |
r-oldrel-macos-arm64 | 1.3.1 | 79.00 | NOTE | |||
r-oldrel-macos-x86_64 | 1.3.1 | 145.00 | NOTE | |||
r-oldrel-windows-x86_64 | 1.3.1 | 188.00 | 284.00 | 472.00 | NOTE |
Version: 1.3.1
Check: dependencies in R code
Result: NOTE
Namespaces in Imports field not imported from:
‘RcppParallel’ ‘rstantools’
All declared Imports should be used.
Flavors: r-devel-linux-x86_64-fedora-clang, r-devel-linux-x86_64-fedora-gcc
Version: 1.3.1
Check: installed package size
Result: NOTE
installed size is 46.8Mb
sub-directories of 1Mb or more:
libs 46.3Mb
Flavors: r-oldrel-macos-arm64, r-oldrel-macos-x86_64
Version: 1.3.1
Check: for GNU extensions in Makefiles
Result: NOTE
GNU make is a SystemRequirements.
Flavors: r-oldrel-macos-arm64, r-oldrel-macos-x86_64, r-oldrel-windows-x86_64